mber?
False
Is 394481 a prime number?
True
Is 27541177 a prime number?
True
Is 22627559 prime?
True
Is 8385143 prime?
False
Is 8969095 composite?
True
Is 90007919 prime?
True
Is 82417591 composite?
False
Is 1949119 composite?
True
Is 4298377 a prime number?
True
Is 2325677 prime?
True
Is 746828897 a prime number?
True
Is 2781797 a composite number?
False
Is 54321853 prime?
False
Is 2803399 a prime number?
True
Is 2451079 a composite number?
False
Is 316993 composite?
True
Is 79134373 composite?
True
Is 2587199 a composite number?
True
Is 23788507 prime?
True
Is 7801553 composite?
True
Is 251287 composite?
False
Is 105370493 composite?
False
Is 419735149 a prime number?
True
Is 962903 composite?
False
Is 8954779 prime?
True
Is 1717043 composite?
False
Is 121279201 a composite number?
False
Is 1639711 a prime number?
True
Is 1485511 composite?
True
Is 369758 prime?
False
Is 365611 a prime number?
True
Is 187469083 a prime number?
True
Is 145075049 prime?
False
Is 70362781 composite?
False
Is 37982479 a prime number?
True
Is 296261 composite?
True
Is 5761087 a prime number?
False
Is 9002273 a prime number?
False
Is 755869853 a composite number?
False
Is 3723097 composite?
True
Is 31081069 prime?
False
Is 5067481 a composite number?
False
Is 817783 prime?
True
Is 531677033 prime?
True
Is 136431923 composite?
False
Is 2752439 prime?
False
Is 8877355 composite?
True
Is 44641967 a prime number?
True
Is 1517417 composite?
True
Is 908023 composite?
True
Is 216444133 a composite number?
False
Is 42913139 a composite number?
False
Is 105034477 a composite number?
False
Is 1045183 a composite number?
False
Is 6674333 composite?
True
Is 11182891 prime?
False
Is 1637 prime?
True
Is 4530665 a composite number?
True
Is 6250999 a prime number?
True
Is 244313 a prime number?
True
Is 2217713 a prime number?
False
Is 8979403 a prime number?
False
Is 35121479 a prime number?
False
Is 170866049 a composite number?
False
Is 140799133 a prime number?
False
Is 725083 a prime number?
False
Is 3588019 prime?
True
Is 649711 prime?
False
Is 31497 prime?
False
Is 5850427 a composite number?
True
Is 722119 a prime number?
True
Is 28282129 a prime number?
False
Is 7968871 a composite number?
False
Is 12689 prime?
True
Is 99441835 prime?
False
Is 5768941 prime?
False
Is 378071 a composite number?
False
Is 3634261 a composite number?
False
Is 434721047 prime?
False
Is 42677039 a composite number?
False
Is 392594827 a composite number?
True
Is 49637129 prime?
False
Is 38547877 prime?
True
Is 787822939 prime?
True
Is 7070761 prime?
True
Is 181844803 prime?
False
Is 116069951 composite?
False
Is 5785973 composite?
False
Is 8762201 a prime number?
False
Is 372263 composite?
False
Is 2118791 a composite number?
False
Is 14120879 a prime number?
False
Is 12853069 composite?
False
Is 2292131 composite?
True
Is 3822373 a prime number?
False
Is 164528237 a composite number?
False
Is 19005317 composite?
True
Is 7074713 a prime number?
True
Is 44112755 a composite number?
True
Is 25763011 composite?
False
Is 884651 a composite number?
False
Is 6182653 prime?
False
Is 153465233 a composite number?
True
Is 17474713 prime?
False
Is 157375723 prime?
True
Is 11071141 composite?
True
Is 15667367 a prime number?
False
Is 1318742 prime?
False
Is 1242433 prime?
False
Is 17874907 a prime number?
True
Is 14509847 prime?
False
Is 22254139 a composite number?
True
Is 3746643 composite?
True
Is 139829 prime?
False
Is 9081533 prime?
True
Is 72174719 prime?
False
Is 23085994 a prime number?
False
Is 439088737 a prime number?
True
Is 2738423 a composite number?
False
Is 2101634 a composite number?
True
Is 4355873 prime?
True
Is 269087447 composite?
False
Is 986467 prime?
False
Is 4132247 a prime number?
False
Is 3517531 prime?
True
Is 3157823 prime?
False
Is 6773279 prime?
True
Is 86500087 a prime number?
True
Is 172018831 a prime number?
True
Is 2217641 composite?
False
Is 1245026 a composite number?
True
Is 17433061 composite?
False
Is 3451391 composite?
True
Is 737237 composite?
True
Is 844249 prime?
False
Is 97685089 a composite number?
False
Is 345534637 composite?
True
Is 11608039 prime?
True
Is 728596207 a composite number?
True
Is 235753 prime?
False
Is 1041413 prime?
False
Is 1264728505 prime?
False
Is 454032347 composite?
False
Is 507967 a composite number?
True
Is 5160209 a composite number?
True
Is 841913 prime?
True
Is 88053811 a composite number?
False
Is 7390907 composite?
False
Is 2115851 a prime number?
False
Is 1006100717 prime?
True
Is 11160085 a prime number?
False
Is 98250859 composite?
True
Is 2227109 a prime number?
True
Is 207217643 a prime number?
False
Is 25483105 a prime number?
False
Is 127339873 a prime number?
False
Is 6223083 a composite number?
True
Is 5355239 composite?
True
Is 7463147 a prime number?
True
Is 35770123 prime?
False
Is 17799515 prime?
False
Is 12381403 a prime number?
False
Is 300618049 a composite number?
True
Is 7157427 prime?
False
Is 35987509 a prime number?
False
Is 44383687 a prime number?
True
Is 75791123 composite?
True
Is 426689303 composite?
False
Is 134752229 composite?
True
Is 863561 a composite number?
False
Is 1391632327 composite?
False
Is 454057211 a composite number?
False
Is 78422431 a composite number?
True
Is 64587287 composite?
True
Is 3150881 composite?
True
Is 1943923 a composite number?
False
Is 3688519 a composite number?
False
Is 59936803 composite?
False
Is 17412517 prime?
True
Is 801501 composite?
True
Is 4487 prime?
False
Is 3038901 prime?
False
Is 2837561 a composite number?
True
Is 66775981 a prime number?
True
Is 44747909 composite?
False
Is 85280639 prime?
True
Is 1571873 a composite number?
False
Is 327377203 prime?
True
Is 29177077 a prime number?
False
Is 47911651 prime?
True
Is 813431807 a composite number?
False
Is 12152103 a composite number?
True
Is 619363 composite?
False
Is 1016731021 prime?
False
Is 2318909 prime?
False
Is 125874821 composite?
True
Is 10822985 a prime number?
False
Is 135978329 prime?
True
Is 5620749 composite?
True
Is 59867173 a prime number?
False
Is 22977895 composite?
True
Is 57032434 a composite number?
True
Is 1796471 a composite number?
True
Is 96661577 composite?
False
Is 936115 composite?
True
Is 2080979 prime?
True
Is 16313447 a composite number?
False
Is 1035893 composite?
False
Is 26771417 a composite number?
False
Is 47172227 composite?
False
Is 8337773 a prime number?
True
Is 4227491 a prime number?
True
Is 7384523 a prime number?
True
Is 49729781 a composite number?
False
Is 541041 a composite number?
True
Is 543299 composite?
False
Is 773911 a prime number?
False
Is 7989323 a prime number?
True
Is 15807667 a composite number?
False
Is 2067271 prime?
False
Is 20893387 prime?
True
Is 95260247 a prime number?
True
Is 8901127 a prime number?
False
Is 18897085 a prime number?
False
Is 232834717 a composite number?
True
Is 2739859 prime?
True
Is 8769283 a prime number?
True
Is 7528289 prime?
True
Is 14728867 prime?
True
Is 5061473 a prime number?
True
Is 124181689 composite?
True
Is 38363939 a prime number?
True
Is 1744991 prime?
True
Is 66304307 a composite number?
False
Is 12027881 a composite number?
False
Is 10285937 a composite number?
False
Is 8263501 composite?
False
Is 101212003 prime?
True
Is 1908343 composite?
False
Is 4141513 prime?
True
Is 11196067 a composite number?
True
Is 1805717 a composite number?
True
Is 188991155 composite?
True
Is 83552173 prime?
False
Is 1118891 a composite number?
True
Is 12406307 a composite number?
False
Is 25636623 a composite number?
True
Is 77671219 prime?
True
Is 37428863 prime?
True
Is 4924944367 a prime number?
False
Is 419071 composite?
True
Is 5872099 a composite number?
True
Is 76231 a prime number?
True
Is 4168687 composite?
True
Is 70987247 a prime number?
False
Is 32252867 a composite number?
False
Is 37597199 a prime number?
False
Is 2568169 prime?
True
Is 20294327 a composite number?
False
Is 100661 a composite number?
True
Is 88125067 composite?
False
Is 145066 composite?
True
Is 116343013 composite?
False
Is 4503659 a composite number?
False
Is 117399823 prime?
False
Is 17933705 a composite number?
True
Is 32976367 composite?
True
Is 113922217 a prime number?
True
Is 7997001 a prime number?
False
Is 8730181 prime?
True
Is 5603